factors of g?
2, 4363
Let o = 153 + -153. Suppose -4*u + 4*s + 952 = o, 2*u + s = 79 + 388. What are the prime factors of u?
5, 47
Suppose 11*k - 16*k + 5*b + 12760 = 0, 4*k - 10196 = -2*b. Suppose k = 6*o + 222. List the prime factors of o.
2, 97
Let w = 30235 - 17441. List the prime factors of w.
2, 6397
Let i(v) = -114*v - 3. Let r be i(7). Let s be r/(-11) - (-2)/11. Suppose a = j + 57, 2*a + j - s - 50 = 0. List the prime factors of a.
2, 3, 5
Let c = -219 - -233. List the prime factors of 10/(c/7) + 469.
2, 3, 79
Let t = -139284 - -196187. List the prime factors of t.
7, 11, 739
Let p be (-9)/15 + 9716/35. Suppose 2867 - p = 7*m. What are the prime factors of m?
2, 5, 37
Let s be 6/(-33) - (-3 - (-1786)/(-22)). Let n = s + 197. List the prime factors of n*4/8*2.
281
Let c be (2 + 7)*(-1 + 0). Let g(d) = 24. Let p(i) = -2*i + 26. Let y(n) = -6*g(n) + 5*p(n). What are the prime factors of y(c)?
2, 19
Let h(s) = -58*s - 130. Suppose 162 = -12*b - 15*b. List the prime factors of h(b).
2, 109
Let a = 11 + -5. Suppose 0 = -4*g - 2 + a. What are the prime factors of (g/2 - (-798)/12)*1?
67
Let m = -27152 + 55131. List the prime factors of m.
7, 571
Suppose -7*u - 22*u + 186156 = -11*u. What are the prime factors of u?
2, 5171
Suppose 0 = 8*z - 6834 - 558. Suppose 3*o + 4*c - 9*c - 700 = 0, 0 = -4*o + 2*c + z. List the prime factors of o.
2, 5, 23
Suppose -2*j + 4 + 2 = 0. Let r be (-3 + 4)/(3/762). Suppose r = 3*u - 4*b, j*u - 2*b = 166 + 84. What are the prime factors of u?
2, 41
Let o(z) = -z**2 - 14*z - 4. Let x(p) = 2*p**2 - 6*p + 17. Let u be x(5). Let w = u - 44. What are the prime factors of o(w)?
3, 5
What are the prime factors of (-11)/((-110)/56660) - -11?
7, 811
Let k = 2049 - 1430. Suppose -5*d + 2*g = -1013, k = 8*d - 5*d - 4*g. List the prime factors of d.
3, 67
Let j(u) = -u**3 + 38*u**2 - 36*u - 34. Let f be j(37). List the prime factors of (0 + 432/42)/(f/126).
2, 3
Let w = 2555 - 728. List the prime factors of w.
3, 7, 29
Suppose -5*h + 0*h - c - 8422 = 0, -c = -5*h - 8418. List the prime factors of h/(-10) - 20/50.
2, 3, 7
Let l = 4812 + 6688. List the prime factors of (3/2)/(-2 + l/5744).
2, 359
Suppose 497 = 3*a - 13669. What are the prime factors of a?
2, 3, 787
List the prime factors of (2/5)/((-97924)/(-24480) + -4) - -1.
31, 79
Suppose -9*b = 20*b - 54433. Let v = -1288 + b. What are the prime factors of v?
19, 31
Suppose n = -5*x + 139 + 2, 2*x - 55 = n. Suppose -15*d = -x*d + 8411. What are the prime factors of d?
647
Suppose -11*u + 10258 = -11911 - 4297. What are the prime factors of u?
2, 3, 401
Suppose -9*a + 5*m = -7*a - 2352, -5*a + 4*m = -5914. Let y = a - 770. List the prime factors of y.
2, 13
Suppose -9*l - 272 + 8219 = 0. Let m = l + -70. List the prime factors of m.
3, 271
Let c(p) be the second derivative of -29*p**3/2 - 10*p**2 + 3*p + 32. Let q(f) = -f**3 - 7*f**2 - 6*f - 2. Let r be q(-6). List the prime factors of c(r).
2, 7, 11
Let w(r) = -9*r**2 + 5*r + 178. Let i(c) = -3*c**2 + 2*c. Let j(p) = -4*i(p) + w(p). What are the prime factors of j(-12)?
2, 17, 19
Suppose 2*f - 1795 = 1761. Suppose -f = -8*c + 1054. What are the prime factors of c?
2, 3, 59
Let a be 2/(-7) - (7 + 651/(-49)). Suppose -4*n = i - 144, 3*i - a*i + 443 = n. What are the prime factors of i?
2, 37
Let o = -251 - -148. Let p be 14/49 - o/7. List the prime factors of (p/(-20))/(2/(-40)).
3, 5
Let u(o) = 2*o - 8. Let s be u(4). Suppose s = -19*j + 4*j + 8535. List the prime factors of j.
569
Suppose -2*c - 4*t - 40 = c, 5*c = -3*t - 63. Let b = 81 - c. Suppose -3*o - 4*v + b = 0, -21 - 10 = -o + 5*v. What are the prime factors of o?
31
List the prime factors of 51/(-17) + 3996 + 13.
2, 2003
Let s(m) = 4*m**3 - 8*m**2 - 17*m - 25. List the prime factors of s(10).
5, 601
Let w(f) = -15*f - 2. Let k be w(1). Let m(u) = u**2 + 18*u + 23. Let l be m(k). Let g = 26 - l. List the prime factors of g.
2, 5
Suppose 11 + 10 = 3*z. Let t be (7/2)/(z/(-14)). Let q(b) = -26*b - 26. List the prime factors of q(t).
2, 3, 13
Let p(x) = -x**3 + 14*x**2 - 180*x - 2. List the prime factors of p(-19).
15331
Let p(y) = -y**3 - 8*y**2 + 8*y - 7. Let g be p(-9). What are the prime factors of g - 1 - (2*-1 + -722)?
5, 29
Let m = -39894 + 91106. What are the prime factors of m?
2, 7, 31, 59
What are the prime factors of 46953/15 + 96/20 + -6?
3, 7, 149
Suppose 12*s = 1 + 47. Suppose 0 = s*b + 5*p - 37, -6*b + 16 = -4*b + 2*p. Suppose 5*j - 8*j + 2*d + 92 = 0, -b*j = 3*d - 117. List the prime factors of j.
2, 17
Suppose -8*i + 74 + 126 = 0. Let z(a) = -a + 27. Let j be z(i). List the prime factors of (j/(-4))/((-1)/44).
2, 11
List the prime factors of (-488)/(9/1998*-6).
2, 37, 61
Let u = 25627 + -18657. List the prime factors of u.
2, 5, 17, 41
Let h(d) = 1671*d**2 + 173*d + 169*d - 336*d - 7. What are the prime factors of h(1)?
2, 5, 167
What are the prime factors of 111545/21 + -40 - 2/3?
3, 7, 251
Suppose -5*p + 3*b - 37 = -8, -5*b + 15 = 0. Let g(d) = 25*d**2 - 2*d - 1. Let h be g(-1). What are the prime factors of -2*267/(-78) - p/h?
7
Suppose -120*i = -153*i + 99. Suppose o + 4233 = i*q, 5*o = -5 - 10. List the prime factors of q.
2, 3, 5, 47
Suppose -78*f + 1583143 + 2609279 = 0. What are the prime factors of f?
59, 911
Let h = 100 - 46. Let a be 1/(-1*3/h). List the prime factors of 2/(-1) + 3 - a.
19
Let r(z) = 194*z**3 - 9*z**2 + 17*z + 5. What are the prime factors of r(5)?
5, 7, 13, 53
Let k = 687 - 681. Let s(i) = 55*i**2 + 12*i - 8. List the prime factors of s(k).
2, 7, 73
Let g(p) = 9*p**3 + 21*p**2 - 78*p + 698. What are the prime factors of g(14)?
2, 13, 1093
Let r = 7526 - -4625. List the prime factors of r.
29, 419
List the prime factors of ((-1)/25)/((-4)/(-8)) + (-672404)/(-50).
2, 41
List the prime factors of -2*(-2)/6 + (-1)/((-12)/113344).
2, 4723
Suppose -4*o + 127208 + 206840 = 0. What are the prime factors of o?
2, 11, 13, 73
Let r(z) = -2*z**2 - 16*z + 4. Let s be r(-8). Suppose 13 = -s*x + 17. What are the prime factors of -28*(-1)/x - (-2 + 1)?
29
Suppose -t = -0*t + 13. Let c be (-10 - t) + (-1 - -1). Suppose 3*l - 200 = -g, 328 = c*l + 2*l + 3*g. What are the prime factors of l?
2, 17
What are the prime factors of (10/3)/((-10)/(-9555))?
5, 7, 13
Let v(f) = -34*f + 9. Let p be ((-6)/(-2) + -2)/((-3)/33). What are the prime factors of v(p)?
383
Let y(j) = -29*j**3 + 3*j + 2. Let g(o) = -o**2 - 12*o + 32. Let d be g(-14). Suppose -d*l = -u, -16 = -3*u + 7*u. What are the prime factors of y(l)?
2, 7
Let i(h) = -1830*h + 4771. What are the prime factors of i(-6)?
19, 829
Let p = 52 - 40. Let t be 7778/8 + (3/p)/(-1). Suppose r = -8*r + t. List the prime factors of r.
2, 3
Suppose -943*v = -941*v - 5006. Suppose v = 12*a - 12557. What are the prime factors of a?
5, 251
Let n(s) = -9*s**2 + s - 12. Let k(f) = -10*f**2 + 3*f - 12. Let h(w) = 3*k(w) - 4*n(w). What are the prime factors of h(-6)?
2, 3, 11
Let r = 43766 + 26924. What are the prime factors of r?
2, 5, 7069
Let c(d) = -d**3 - 70*d**2 + 310*d - 453. What are the prime factors of c(-79)?
2, 13, 1201
Let h(f) = 4035*f**2 - 74*f - 73. What are the prime factors of h(-1)?
2, 1009
Let r = 193 + -190. Suppose 679 = 2*j + b, 559 = 4*j - r*b - 814. List the prime factors of j.
11, 31
Suppose -5*z = 5*y - 12725, 2079 - 12247 = -4*z - 2*y. What are the prime factors of z?
2539
Suppose 60 = -5*p - 5*a, 2*a - 30 = 4*p - 3*a. Let b(r) = -3*r**3 - 24*r**2 - 7*r - 53. List the prime factors of b(p).
617
Suppose -12*c = 46*c - 379784. Suppose c = 5*r - 10*j + 6*j, 4*r = 2*j + 5236. List the prime factors of r.
2, 3, 109
Let g(f) = 35*f**2 + 67*f + 231. List the prime factors of g(-21).
3, 7, 97
Let s = 594 + -607. Let p(q) = -1 + 5 - 6 + 28 - q**2 - 29*q. What are the prime factors of p(s)?
2, 3, 13
Let c = 2904 + -2860. List the prime factors of c.
2, 11
Let p(h) = -2*h**3 + 52*h**2 + 13*h + 193. What are the prime factors of p(25)?
2, 13, 17
What are the prime factors of 1594 + (-22 + 34)*(-2)/8?
37, 43
Let p(f) = 3*f**3 - 3*f**2 - 2*f + 4. Let b(i) = i**2 + 19*i + 88. Let v be b(-12). List the prime factors of p(v).
2, 5, 7
Let d = 41802 - 25038. What are the prime factors of d?
2, 3, 11, 127
Let b(g) = g**2 - 7*g + 10. Let y be b(8). Let f(i) = 42 - 3*i - 76 + 40 + y*i**2. What a